6. List the prime factors of d/(-42) - 6/l.
41
Let r = -10730 - -17390. List the prime factors of r.
2, 3, 5, 37
List the prime factors of (0/2 - 3)/((180/11525)/(-12)).
5, 461
Let p = -8063 + 13490. List the prime factors of p.
3, 67
Suppose 2*m = -5*f - 665, 5*f + 3*m = 7*f + 285. Let y = 209 + f. List the prime factors of y.
2, 37
Let i(r) = -276*r - 65. List the prime factors of i(-4).
1039
Let j(v) = -42*v + 3. Let p be j(-1). Let u = p - 38. Let o = 81 - u. List the prime factors of o.
2, 37
Let m be (-13)/(-26)*(-2 + 4 + 2). Suppose 12 = m*u - 4*o, -4*u - 3*o + 3 - 12 = 0. List the prime factors of (79 - (-5 + 1)) + (u - -3).
2, 43
Suppose 46512 = 40*g - 36*g. Suppose 0 = 10*l - g - 5042. What are the prime factors of l?
1667
Suppose 0*s + 5*s - 6674 = -3*k, 0 = 4*s + k - 5342. List the prime factors of s.
2, 167
Let v be 100/150*3/(-2). What are the prime factors of (-3)/12*(-405 - v)?
101
Suppose 158*c - 7475 = -f + 160*c, 14934 = 2*f + 4*c. What are the prime factors of f?
31, 241
Suppose -13*z - 92*z + 26*z - 474 = 0. Suppose 0 = 6*o - 2*o - 11160. What are the prime factors of o/24 + z/(-8)?
3, 13
What are the prime factors of (-3)/4*2652/(-153)?
13
Let q(d) = -2*d**2 + 5*d**3 + 5*d**3 + 0*d**2 - 1 - 8*d**3. Let u be q(2). Suppose 12*i - u*i = 495. List the prime factors of i.
3, 11
Suppose 0 = 7*a - 6*a + 8. Let v be 0/(a + 3 + 4). Suppose v = -6*k + 9*k - 291. What are the prime factors of k?
97
Let u = -110 + 110. Suppose 4*o - 1754 = -2*v + 6*o, 3*v - 2*o - 2631 = u. What are the prime factors of v?
877
Let z = 642 - -423. Let o = -521 + z. Suppose 0 = 5*y + 4*r - 653, -4*r - o = y - 5*y. List the prime factors of y.
7, 19
Let y be (10/15)/((-4)/(-1416)). List the prime factors of -6 + (-5 - (8 - y)).
7, 31
Let o(t) = -8*t**2 + 22*t - 18. Let j(g) = -g**2 + g - 1. Let m(k) = 6*j(k) - o(k). Let q be m(7). Let d = 22 + q. List the prime factors of d.
2, 5
Suppose -2*o + 13 + 11 = -4*u, 0 = -2*o - 2*u + 12. List the prime factors of ((-1143)/(-12))/(o/32).
3, 127
Suppose 690 = -3*z + 3*p, 0 = z + 2*p - 2 + 220. Suppose 2*c + 4 + 4 = 0. What are the prime factors of c*(-3)/((-24)/z)?
113
Let o = -38 - -38. Suppose -5*f + 3*s + 334 + 287 = 0, -4*f - 3*s + 513 = o. What are the prime factors of f?
2, 3, 7
Suppose -319748 = -125*z + 46224 - 71722. What are the prime factors of z?
2, 11, 107
Let i(v) be the second derivative of -11*v**6/720 + 3*v**5/10 + v**4/4 - 28*v. Let h(f) be the third derivative of i(f). List the prime factors of h(-10).
2, 73
Suppose 2*f - 4*c - 2212 = 0, 13*f = 18*f + 5*c - 5575. List the prime factors of f - 7/(-7)*(-9 - -4).
3, 41
Suppose -5*m - 14 = -l, -2*l = -m - 59 + 13. What are the prime factors of 2691/6 - 1 - l/(-16)?
449
Let n(q) = -q**3 - 10*q**2 - 19*q + 7. Let a be n(-7). Let h(p) = -p**3 - 2*p**2 + 9*p + 20. List the prime factors of h(a).
2, 101
Let m = 3535 - 1839. What are the prime factors of m?
2, 53
Let c be 12*(-3 - -5 - 3/6). Let t(r) = -2*r + 3*r - 4*r - c - 1. List the prime factors of t(-13).
2, 5
Let q(b) = b**3 + 20*b**2 + 21*b + 40. Let v be q(-19). Suppose -13*n + 2552 = -v*n. List the prime factors of (n/(-10))/((-2)/5).
2, 29
Let l(f) be the first derivative of 26 + 5*f + 4*f**2 + 4/3*f**3. List the prime factors of l(-7).
5, 29
Let w(a) = 4*a + 2. Let r(l) = l. Let u(t) = 2*r(t) + 2*w(t). Let j = 4 - 2. What are the prime factors of u(j)?
2, 3
Let l(g) = -583*g - 10. What are the prime factors of l(-1)?
3, 191
Suppose -57*d + 5*w = -55*d + 5, d - 4*w = -4. Suppose d = 3*g - 6, 5*x - 1856 = 7*g - 10*g. List the prime factors of x.
2, 5, 37
Let z(f) = -49*f + 11 + 6 - 22*f**2 + 25*f**2. Let u be z(16). Suppose 0 = -8*w + u + 575. What are the prime factors of w?
2, 3
Let c = -560 - -6957. List the prime factors of c.
6397
Let a(g) = -20*g + 4. Let n be a(-3). Suppose 64*p + n = 60*p. List the prime factors of (p/44)/(-2) - (-5109)/33.
5, 31
Let h(s) be the first derivative of -4*s**2 + 2*s - 14. Let a be h(-7). Suppose -3*n - 4*x = -2*n - a, -4*n - 2*x + 302 = 0. What are the prime factors of n?
2, 3, 13
Let k(i) = -i**2 + 5*i + 3. Let f be k(5). Suppose 4*g + 1 = f*g. List the prime factors of 3276/15 + g + (-6)/(-10).
2, 109
Let n = 36 + -31. Let t(q) = q**3 - 4*q**2 - 5*q. Let z be t(n). Let s = z + 91. What are the prime factors of s?
7, 13
Suppose -2*l + 4*q = -17000, 5*l - 10*q - 42524 = -12*q. What are the prime factors of l?
2, 1063
Suppose 3*y + 8 = -2*q, -4*q + 12 = 2*y - 7*q. Suppose d + 233 = 4*z, y = 4*z + 5*d - 61 - 166. What are the prime factors of z?
2, 29
Let u(g) = -g**2 - 2*g + 5. Let i be u(-4). Let j be -1*(-64)/(-1 + i). Let c = j - -61. List the prime factors of c.
3, 5
Let f be (-2)/4 + -3*(-2)/12. Suppose f = 40*c + 5547 - 40187. List the prime factors of c.
2, 433
Let r = 1 - 5. Let s be r/(-6) - (-5)/(-3). What are the prime factors of -2 - 1 - -3 - 98/s?
2, 7
Let c = 58 + -1056. Let y = -854 - c. What are the prime factors of y?
2, 3
Suppose 37 = 3*w + 5*o - 74, -4*o = -w + 54. Suppose 3*s = h - w, 5*s = 4*h - 71 - 90. List the prime factors of h.
3, 13
Let z(v) = 2*v**3 - 6*v**2 - 9*v + 1. Let r be z(6). Suppose 0 = -157*c + r*c - 1740. What are the prime factors of c?
2, 5, 29
Let c = -4331 - -11463. List the prime factors of c.
2, 1783
Suppose 3*t = 11*t - 2856. Suppose 5*g = 2*o + t, 4*g + 3*o - 284 = 5*o. Let r = 41 + g. List the prime factors of r.
2, 3, 19
Let a(s) = -s**3 - s**2 + s + 23. Suppose 3*v = 12 + 6. Suppose q - v*q = 0. What are the prime factors of a(q)?
23
Let v = -4446 + 6389. What are the prime factors of v?
29, 67
Let b(v) = -29*v**3 - v**2 + 10*v + 25*v**3 - 17 + 14*v**3. List the prime factors of b(3).
2, 137
Let j(t) = 371*t**2 + 19*t - 122. List the prime factors of j(5).
2, 17
Let k(o) = 470*o - 1881. What are the prime factors of k(22)?
11, 769
Suppose 2*w = -4*k + 8350, -2*w + 7*w - 10430 = -5*k. What are the prime factors of k?
2089
Let n = 10885 + -5939. List the prime factors of n.
2, 2473
Suppose 0 = 25*t - 23*t - 12840. What are the prime factors of t?
2, 3, 5, 107
Suppose -34*o + 49*o - 420 = 0. Suppose -b = -o*b + 5832. List the prime factors of b.
2, 3
Let k(m) = -29*m + 203. Let u be k(7). Suppose u = 13*z - 18*z + o + 1539, 2*o = 2*z - 622. What are the prime factors of z?
307
Let d = 66 - 369. Let r = 1473 - d. Suppose 27*s = 21*s + r. List the prime factors of s.
2, 37
Let k(n) = -57*n**3 + 4*n + 3. Let v be k(-1). Let t be (-7)/(v/(-12))*586. Suppose a + 2*a - t = 0. List the prime factors of a.
293
Suppose 0*b + 2*c + 196 = 2*b, 0 = -b + 5*c + 114. What are the prime factors of 1/(6/b*13/507)?
13, 47
Suppose 19*m = 1094 - 163. Let l = 63 - m. List the prime factors of l.
2, 7
Suppose -58*p = -55*p + 2*t - 52466, p - 4*t = 17498. What are the prime factors of p?
2, 3, 5, 11, 53
Let w = -5244 + 15771. List the prime factors of w.
3, 11, 29
Let p(c) = c**2 + 7*c. Let i be p(5). Let r = i + -190. List the prime factors of (-21)/(-42) + r/(-4).
3, 11
Suppose h + 33216 = -10*o + 6*o, 58128 = -7*o - h. Let x = 3 - -7. List the prime factors of o/(-60) + 6/x.
139
Let d be (-3)/24 + 11144/64. Suppose 5856 = -166*a + d*a. List the prime factors of a.
2, 3, 61
Let w = 4214 - -2080. List the prime factors of w.
2, 3, 1049
Suppose x = -15*x + 112. Suppose 2325 = -x*v + 10130. List the prime factors of v.
5, 223
Let v(b) = -64*b + 215. Let h(p) = 15*p + 234. Let s be h(-16). What are the prime factors of v(s)?
599
Let c(m) = 9*m - 14*m - 13*m + 11 - 187. What are the prime factors of c(-31)?
2, 191
Let v(h) = -h**2 + 7*h - 8. Let c(t) = 3*t**2 + 11 - 21*t + 1 - 10 + 21. Let z(k) = 6*c(k) + 17*v(k). List the prime factors of z(10).
2
Let k(s) = 34*s**2 + 19*s - 33. Let t be k(6). Let i = t + 5. What are the prime factors of i?
2, 5, 131
What are the prime factors of 5 + 3/21*45703?
2, 3, 11
Let l(a) = a**2 - 3*a - 5. Let u be l(-3). Let r be (18 - u)*2/(-5) - -1. Let k(b) = -152*b**3 - 3*b**2 - 3*b - 1. What are the prime factors of k(r)?
151
Let u = 3409 - -2043. What are the prime factors of u?
2, 29, 47
Let u(m) be the second derivative of -19*m**3/3 + 29*m**2/2 + 28*m - 3. What are the prime factors of u(-8)?
3, 37
Let j = 48423 + -27893. List the prime factors of j.
2, 5, 2053
Suppose 5*s + 3*m + 8205 - 57238 = 0